{"id":1508,"date":"2024-07-11T11:42:39","date_gmt":"2024-07-11T15:42:39","guid":{"rendered":"https:\/\/bi.mtess.gov.py\/v1\/?page_id=1508"},"modified":"2025-12-15T09:46:31","modified_gmt":"2025-12-15T12:46:31","slug":"pagina-1","status":"publish","type":"page","link":"https:\/\/www.mtess.gov.py\/","title":{"rendered":"Pagina de Inicio"},"content":{"rendered":"<p>En el marco del Mes de la Seguridad y Salud en el Trabajo, el director de Salud y Seguridad Ocupacional del Ministerio de Trabajo, Luis Centuri\u00f3n, particip\u00f3 como expositor en una jornada de capacitaci\u00f3n organizada por Petropar, en su planta industrial de Villa Elisa.<\/p>\n\n\n\n<p>La actividad estuvo dirigida a trabajadores del \u00e1rea administrativa y de producci\u00f3n, promoviendo la participaci\u00f3n activa de todos los niveles de la organizaci\u00f3n.<\/p>\n\n\n\n<p>Durante la jornada se abordaron los requisitos t\u00e9cnicos m\u00ednimos que deben cumplir los &hellip;<\/p>","protected":false},"excerpt":{"rendered":"<p>En el marco del Mes de la Seguridad y Salud en el Trabajo, el director de Salud y Seguridad Ocupacional del Ministerio de Trabajo, Luis Centuri\u00f3n, particip\u00f3 como expositor en una jornada de capacitaci\u00f3n organizada por Petropar, en su planta industrial de Villa Elisa.<\/p>\n\n\n\n<p>La actividad estuvo dirigida a trabajadores del \u00e1rea administrativa y de producci\u00f3n, promoviendo la participaci\u00f3n activa de todos los niveles de la organizaci\u00f3n.<\/p>\n\n\n\n<p>Durante la jornada se abordaron los requisitos t\u00e9cnicos m\u00ednimos que deben cumplir los &hellip;<\/p>","protected":false},"author":3,"featured_media":0,"parent":0,"menu_order":0,"comment_status":"closed","ping_status":"closed","template":"plantilla_inicio","meta":{"_acf_changed":false,"_uag_custom_page_level_css":"","footnotes":""},"class_list":["post-1508","page","type-page","status-publish","hentry"],"acf":[],"uagb_featured_image_src":{"full":false,"thumbnail":false,"medium":false,"medium_large":false,"large":false,"1536x1536":false,"2048x2048":false,"depicter-thumbnail":false},"uagb_author_info":{"display_name":"Santiago Barrios","author_link":"https:\/\/www.mtess.gov.py\/?author=3"},"uagb_comment_info":0,"uagb_excerpt":"En el marco del Mes de la Seguridad y Salud en el Trabajo, el director de Salud y Seguridad Ocupacional del Ministerio de Trabajo, Luis Centuri\u00f3n, particip\u00f3 como expositor en una jornada de capacitaci\u00f3n organizada por Petropar, en su planta industrial de Villa Elisa. La actividad estuvo dirigida a trabajadores del \u00e1rea administrativa y de&hellip;","_links":{"self":[{"href":"https:\/\/www.mtess.gov.py\/index.php?rest_route=\/wp\/v2\/pages\/1508","targetHints":{"allow":["GET"]}}],"collection":[{"href":"https:\/\/www.mtess.gov.py\/index.php?rest_route=\/wp\/v2\/pages"}],"about":[{"href":"https:\/\/www.mtess.gov.py\/index.php?rest_route=\/wp\/v2\/types\/page"}],"author":[{"embeddable":true,"href":"https:\/\/www.mtess.gov.py\/index.php?rest_route=\/wp\/v2\/users\/3"}],"replies":[{"embeddable":true,"href":"https:\/\/www.mtess.gov.py\/index.php?rest_route=%2Fwp%2Fv2%2Fcomments&post=1508"}],"version-history":[{"count":205,"href":"https:\/\/www.mtess.gov.py\/index.php?rest_route=\/wp\/v2\/pages\/1508\/revisions"}],"predecessor-version":[{"id":33633,"href":"https:\/\/www.mtess.gov.py\/index.php?rest_route=\/wp\/v2\/pages\/1508\/revisions\/33633"}],"wp:attachment":[{"href":"https:\/\/www.mtess.gov.py\/index.php?rest_route=%2Fwp%2Fv2%2Fmedia&parent=1508"}],"curies":[{"name":"wp","href":"https:\/\/api.w.org\/{rel}","templated":true}]}}