{"id":24686,"date":"2024-09-24T11:51:21","date_gmt":"2024-09-24T15:51:21","guid":{"rendered":"https:\/\/bi.mtess.gov.py\/v1\/?page_id=24686"},"modified":"2024-09-24T13:25:11","modified_gmt":"2024-09-24T17:25:11","slug":"aranceles-de-productos-y-multas","status":"publish","type":"page","link":"https:\/\/www.mtess.gov.py\/?page_id=24686","title":{"rendered":"Aranceles de productos y multas"},"content":{"rendered":"\n<p style=\"font-size:clamp(0.875rem, 0.875rem + ((1vw - 0.2rem) * 0.409), 1.1rem);\"><strong>El Ministerio de Trabajo, Empleo y Seguridad Social pone a disposici\u00f3n un servicio de Impresi\u00f3n de Documentos, a travez del Sistema REOP.<\/strong><\/p>\n\n\n\n<p><strong>Puede adquirir los productos en:<\/strong><\/p>\n\n\n\n<p>-La caja de la Preceptor\u00eda del MTESS sito en Herrera e\/ Paraguar\u00ed (Edificio Central) o a trav\u00e9s de las bocas de cobranzas habilitadas<\/p>\n\n\n\n<p>&#8211; Pago M\u00f3vil<\/p>\n\n\n\n<p>&#8211; Infonet Cobranzas (mapa geolocalizado con las Bocas de IC por zona)<\/p>\n\n\n\n<p>RECOMENDACI\u00d3N PARA EL USO DEL SERVICIO DE IMPRESI\u00d3N<\/p>\n\n\n\n<p>Preferiblemente, utilizar Google Chrome.Activar o desactivar ventanas emergentes (pop-ups) para Google Chrome<\/p>\n\n\n\n<p>En la esquina superior derecha, haz clic en el men\u00fa de Chrome Chrome menu.<\/p>\n\n\n\n<p>Haz clic en Configuraci\u00f3n.<\/p>\n\n\n\n<p>Haz clic en Mostrar configuraci\u00f3n avanzada.<\/p>\n\n\n\n<p>En \u00abPrivacidad\u00bb, haz clic en Configuraci\u00f3n de contenido.<\/p>\n\n\n\n<p>En \u00abVentanas emergentes (pop-ups)\u00bb, selecciona la opci\u00f3n de permitir que todos los sitios muestren ventanas emergentes (pop-ups).<\/p>\n\n\n\n<p>Para mayor informaci\u00f3n consultar: Soporte Google Chrome<\/p>\n\n\n\n<p><strong>Productos compatibles<\/strong><\/p>\n\n\n\n<p>Certificado Laboral- 103.091 Gs.<\/p>\n\n\n\n<p>Constancia de no estar inscripto- 103.091 Gs.<\/p>\n\n\n\n<p>Hojas rubricadas para uso de libros de sueldos y jornales- 1.500 Gs.<\/p>\n\n\n\n<p>Hojas rubricadas para uso de libros de Empleados y obreros- 1.500 Gs.<\/p>\n\n\n\n<p>Hojas rubricadas para uso de libros de vacaciones- 1.500 Gs.<\/p>\n\n\n\n<p>Hojas rubricadas para uso de liquidaci\u00f3n de sueldos 1.500 Gs.<\/p>\n\n\n\n<p>Contrato individual de trabajo- 3.500 Gs.<\/p>\n\n\n\n<p>Sobre de Liquidaci\u00f3n de Sueldos &#8211; 3.000 Gs.<\/p>\n\n\n\n<p>Solicitud de Bonificaci\u00f3n Familiar &#8211; 4.000 Gs.<\/p>\n\n\n\n<p><strong>C\u00f3digos de productos<\/strong><\/p>\n\n\n\n<p>La informaci\u00f3n sobre los c\u00f3digos de productos para el pago de multas o servicios por medio de la banca web puede encontrarse en el siguiente detalle de productos<\/p>\n\n\n\n<figure class=\"wp-block-table\"><table class=\"has-fixed-layout\"><tbody><tr><td><strong>C\u00f3digo &#8211;  Productos<\/strong><br>2161 &#8211;  Contrato Ind. de Trabajo<\/td><\/tr><tr><td>2162 &#8211;  Recibo de Liquidaci\u00f3n de Sueldo<\/td><\/tr><tr><td>2164 &#8211;  Libro de Sueldos y Jornales 20 P\u00e1g &#8211; DROP<\/td><\/tr><tr><td>2165 &#8211;  Libro de Empleados y Obreros 20 P\u00e1g &#8211; DROP<\/td><\/tr><tr><td>2166 &#8211;  Libro de Sueldos y Jornales 50 P\u00e1g &#8211; DROP<\/td><\/tr><tr><td>2167 &#8211;  Libro de Vacaciones 20 P\u00e1g &#8211; DROP<\/td><\/tr><tr><td>2168 &#8211;  Libro de Vacaciones 50 P\u00e1g &#8211; DROP<\/td><\/tr><tr><td>2169 &#8211;  Libro de Empleados y Obreros 50 P\u00e1g &#8211; DROP<\/td><\/tr><tr><td>2170 &#8211;  Libro de Vacaciones 100 P\u00e1g &#8211; DROP<\/td><\/tr><tr><td>2172 &#8211;  Libro de Sueldos y Jornales 100 P\u00e1g &#8211; DROP<\/td><\/tr><tr><td>2174 &#8211;  Libro de Empleados y Obreros 100 P\u00e1g &#8211; DROP<\/td><\/tr><tr><td>2176 &#8211;  Solicitud de Bonificaci\u00f3n Familiar<\/td><\/tr><tr><td>2177 &#8211;  Hojas rubricadas para uso de Libro de Sueldos y Jornales<\/td><\/tr><tr><td>2178 &#8211;  Constancia de NO Estar Inscripto<\/td><\/tr><tr><td>2181 &#8211;  Constancia Para IPS<\/td><\/tr><tr><td>2182 &#8211;  Multa por Presentaci\u00f3n Tard\u00eda de Planillas<\/td><\/tr><tr><td>2485 &#8211;  Hojas Rubricadas para uso de Libro de Empleados y Obreros<\/td><\/tr><tr><td>2486 &#8211;  Hojas Rubricadas para uso de Libro de Vacaciones<\/td><\/tr><tr><td>2488 &#8211;  Multa Asesor\u00eda Jur\u00eddica y Mediaci\u00f3n<\/td><\/tr><tr><td>2489 &#8211;  Multa Vice Ministerio Asesor\u00eda Jur\u00eddica<\/td><\/tr><tr><td>2496 &#8211;  Contrato Ind. de Trabajo DROP<\/td><\/tr><tr><td>2497 &#8211;  Hojas Rubricadas para Uso de Liquidaci\u00f3n de Sueldos<\/td><\/tr><tr><td>2502 &#8211;  Multa de Comunicacion-Accidentes Laborales<\/td><\/tr><tr><td>2503 &#8211;  Multa de Comunicacion-Amonestaciones<\/td><\/tr><tr><td>2504 &#8211;  Multa de Comunicacion-Apercibimientos<\/td><\/tr><tr><td>2505 &#8211;  Multa de Comunicacion-Ausencias<\/td><\/tr><tr><td>2506 &#8211;  Multa de Comunicacion-Entrada o Salida<\/td><\/tr><tr><td>2507 &#8211;  Multa de Comunicacion-Permisos<\/td><\/tr><tr><td>2508 &#8211;  Multa de Comunicacion-Preavisos<\/td><\/tr><tr><td>2509 &#8211;  Multa de Comunicacion-Suspension<\/td><\/tr><tr><td>2510 &#8211;  Multa de Comunicacion-Vacaciones<\/td><\/tr><tr><td>2512 &#8211;  Solicitud de Homologaci\u00f3n de Reglamento Interno<\/td><\/tr><tr><td>3535 &#8211;  MULTAS DROP<\/td><\/tr><tr><td>3636 &#8211;  Cuota Multa<\/td><\/tr><tr><td>3737 &#8211;  Certificado de Cumplimiento Laboral<\/td><\/tr><tr><td>3838 &#8211;  Cuota por Inscripci\u00f3n Tard\u00eda &#8211; Online<\/td><\/tr><tr><td>3939 &#8211;  Multa por Inscripci\u00f3n Tard\u00eda &#8211; Online<\/td><\/tr><\/tbody><\/table><\/figure>\n\n\n\n<p>La comisi\u00f3n de la proveedora de servicios de cobranzas no esta incluida en los precios de los productos o multas.<\/p>\n\n\n\n<p><strong>Marco legal:<\/strong><\/p>\n\n\n\n<p><a href=\"https:\/\/www.mtess.gov.py\/wp-content\/uploads\/2024\/09\/DECRETO8304_17-1.pdf\">\u00a0Decreto 8304\/17<\/a><\/p>\n\n\n\n<p><a href=\"https:\/\/www.mtess.gov.py\/wp-content\/uploads\/2024\/09\/DECRETO9368_18-1.pdf\">\u00a0Decreto 9368\/18<\/a><\/p>\n\n\n\n<p><a href=\"https:\/\/www.mtess.gov.py\/wp-content\/uploads\/2024\/09\/DECRETO1989-1.pdf\">\u00a0Decreto 1989\/2024<\/a><\/p>\n\n\n\n<p><a href=\"https:\/\/www.mtess.gov.py\/wp-content\/uploads\/2024\/09\/2023-07-05-RES-MTESS-889-2023.pdf\">\u00a0Resoluci\u00f3n MTESS N\u00b0 889\/23<\/a><\/p>\n\n\n\n<p><\/p>\n","protected":false},"excerpt":{"rendered":"<p>El Ministerio de Trabajo, Empleo y Seguridad Social pone a disposici\u00f3n un servicio de Impresi\u00f3n de Documentos, a travez del Sistema REOP. Puede adquirir los productos en: -La caja de la Preceptor\u00eda del MTESS sito en Herrera e\/ Paraguar\u00ed (Edificio Central) o a trav\u00e9s de las bocas de cobranzas habilitadas &#8211; Pago M\u00f3vil &#8211; Infonet [&hellip;]<\/p>\n","protected":false},"author":3,"featured_media":0,"parent":0,"menu_order":0,"comment_status":"closed","ping_status":"closed","template":"","meta":{"_acf_changed":false,"_uag_custom_page_level_css":"","footnotes":""},"class_list":["post-24686","page","type-page","status-publish","hentry"],"acf":[],"uagb_featured_image_src":{"full":false,"thumbnail":false,"medium":false,"medium_large":false,"large":false,"1536x1536":false,"2048x2048":false,"depicter-thumbnail":false},"uagb_author_info":{"display_name":"Santiago Barrios","author_link":"https:\/\/www.mtess.gov.py\/?author=3"},"uagb_comment_info":0,"uagb_excerpt":"El Ministerio de Trabajo, Empleo y Seguridad Social pone a disposici\u00f3n un servicio de Impresi\u00f3n de Documentos, a travez del Sistema REOP. Puede adquirir los productos en: -La caja de la Preceptor\u00eda del MTESS sito en Herrera e\/ Paraguar\u00ed (Edificio Central) o a trav\u00e9s de las bocas de cobranzas habilitadas &#8211; Pago M\u00f3vil &#8211; Infonet&hellip;","_links":{"self":[{"href":"https:\/\/www.mtess.gov.py\/index.php?rest_route=\/wp\/v2\/pages\/24686","targetHints":{"allow":["GET"]}}],"collection":[{"href":"https:\/\/www.mtess.gov.py\/index.php?rest_route=\/wp\/v2\/pages"}],"about":[{"href":"https:\/\/www.mtess.gov.py\/index.php?rest_route=\/wp\/v2\/types\/page"}],"author":[{"embeddable":true,"href":"https:\/\/www.mtess.gov.py\/index.php?rest_route=\/wp\/v2\/users\/3"}],"replies":[{"embeddable":true,"href":"https:\/\/www.mtess.gov.py\/index.php?rest_route=%2Fwp%2Fv2%2Fcomments&post=24686"}],"version-history":[{"count":3,"href":"https:\/\/www.mtess.gov.py\/index.php?rest_route=\/wp\/v2\/pages\/24686\/revisions"}],"predecessor-version":[{"id":30350,"href":"https:\/\/www.mtess.gov.py\/index.php?rest_route=\/wp\/v2\/pages\/24686\/revisions\/30350"}],"wp:attachment":[{"href":"https:\/\/www.mtess.gov.py\/index.php?rest_route=%2Fwp%2Fv2%2Fmedia&parent=24686"}],"curies":[{"name":"wp","href":"https:\/\/api.w.org\/{rel}","templated":true}]}}