{"id":24915,"date":"2024-09-26T11:33:30","date_gmt":"2024-09-26T15:33:30","guid":{"rendered":"https:\/\/bi.mtess.gov.py\/v1\/?page_id=24915"},"modified":"2025-11-27T09:05:04","modified_gmt":"2025-11-27T12:05:04","slug":"control-de-la-implementacion","status":"publish","type":"page","link":"https:\/\/www.mtess.gov.py\/?page_id=24915","title":{"rendered":"Control de la Implementaci\u00f3n"},"content":{"rendered":"\n<p><\/p>\n\n\n\n<div class=\"wp-block-uagb-container uagb-block-8b91e42d alignfull uagb-is-root-container\"><div class=\"uagb-container-inner-blocks-wrap\">\n<div class=\"wp-block-buttons is-content-justification-center is-layout-flex wp-container-core-buttons-is-layout-a89b3969 wp-block-buttons-is-layout-flex\">\n<div class=\"wp-block-button has-custom-width wp-block-button__width-75\"><a class=\"wp-block-button__link has-luminous-vivid-amber-background-color has-background has-text-align-left wp-element-button\" href=\"https:\/\/www.mtess.gov.py\/wp-content\/uploads\/2025\/11\/01.-Manual-de-Politicas-Operacionales-1.pdf\" style=\"border-width:2px;border-radius:50px;font-style:normal;font-weight:700\">01. Manual de Pol\u00edticas Operacionales <\/a><\/div>\n<\/div>\n\n\n\n<div class=\"wp-block-buttons is-content-justification-center is-layout-flex wp-container-core-buttons-is-layout-a89b3969 wp-block-buttons-is-layout-flex\">\n<div class=\"wp-block-button has-custom-width wp-block-button__width-75\"><a class=\"wp-block-button__link has-luminous-vivid-amber-background-color has-background has-text-align-left wp-element-button\" href=\"https:\/\/www.mtess.gov.py\/wp-content\/uploads\/2025\/11\/02.-Manual-de-Comunicacion.pdf\" style=\"border-width:2px;border-radius:50px;font-style:normal;font-weight:700\">02. Manual de Comunicaci\u00f3n<\/a><\/div>\n<\/div>\n\n\n\n<div class=\"wp-block-buttons is-content-justification-center is-layout-flex wp-container-core-buttons-is-layout-a89b3969 wp-block-buttons-is-layout-flex\">\n<div class=\"wp-block-button has-custom-width wp-block-button__width-75\"><a class=\"wp-block-button__link has-luminous-vivid-amber-background-color has-background has-text-align-left wp-element-button\" href=\"https:\/\/www.mtess.gov.py\/wp-content\/uploads\/2024\/09\/RES._N_357-24_-Plan_de_Cap_2024.pdf\" style=\"border-width:2px;border-radius:50px;font-style:normal;font-weight:700\">03. Reglamento de Capacitaci\u00f3n<\/a><\/div>\n<\/div>\n\n\n\n<div class=\"wp-block-buttons is-content-justification-center is-layout-flex wp-container-core-buttons-is-layout-a89b3969 wp-block-buttons-is-layout-flex\">\n<div class=\"wp-block-button has-custom-width wp-block-button__width-75\"><a class=\"wp-block-button__link has-luminous-vivid-amber-background-color has-background has-text-align-left wp-element-button\" href=\"https:\/\/www.mtess.gov.py\/wp-content\/uploads\/2025\/11\/04.-Mapa-de-Puestos.pdf\" style=\"border-width:2px;border-radius:50px;font-style:normal;font-weight:700\">04. Mapa de Puestos<\/a><\/div>\n<\/div>\n\n\n\n<div class=\"wp-block-buttons is-content-justification-center is-layout-flex wp-container-core-buttons-is-layout-a89b3969 wp-block-buttons-is-layout-flex\">\n<div class=\"wp-block-button has-custom-width wp-block-button__width-75\"><a class=\"wp-block-button__link has-luminous-vivid-amber-background-color has-background has-text-align-left wp-element-button\" href=\"https:\/\/www.mtess.gov.py\/wp-content\/uploads\/2025\/11\/05.-Control-Operacional.pdf\" style=\"border-width:2px;border-radius:50px;font-style:normal;font-weight:700\">05. Control Operacional <\/a><\/div>\n<\/div>\n\n\n\n<div class=\"wp-block-buttons is-content-justification-center is-layout-flex wp-container-core-buttons-is-layout-a89b3969 wp-block-buttons-is-layout-flex\">\n<div class=\"wp-block-button has-custom-width wp-block-button__width-75\"><a class=\"wp-block-button__link has-luminous-vivid-amber-background-color has-background has-text-align-left wp-element-button\" href=\"https:\/\/www.mtess.gov.py\/wp-content\/uploads\/2025\/11\/06.-Procedimientos-Estrategico.pdf\" style=\"border-width:2px;border-radius:50px;font-style:normal;font-weight:700\">06. Procedimientos de Procesos  Estrat\u00e9gicos<\/a><\/div>\n<\/div>\n\n\n\n<div class=\"wp-block-buttons is-content-justification-center is-layout-flex wp-container-core-buttons-is-layout-a89b3969 wp-block-buttons-is-layout-flex\">\n<div class=\"wp-block-button has-custom-width wp-block-button__width-75\"><a class=\"wp-block-button__link has-luminous-vivid-amber-background-color has-background has-text-align-left wp-element-button\" href=\"https:\/\/www.mtess.gov.py\/wp-content\/uploads\/2025\/11\/07.-Procedimentos-Misional.pdf\" style=\"border-width:2px;border-radius:50px;font-style:normal;font-weight:700\">07. Procedimientos de Procesos Misionales<\/a><\/div>\n<\/div>\n\n\n\n<div class=\"wp-block-buttons is-content-justification-center is-layout-flex wp-container-core-buttons-is-layout-a89b3969 wp-block-buttons-is-layout-flex\">\n<div class=\"wp-block-button has-custom-width wp-block-button__width-75\"><a class=\"wp-block-button__link has-luminous-vivid-amber-background-color has-background has-text-align-left wp-element-button\" href=\"https:\/\/www.mtess.gov.py\/wp-content\/uploads\/2025\/11\/08.-Procedimientos-De-Apoyo.pdf\" style=\"border-width:2px;border-radius:50px;font-style:normal;font-weight:700\">08. Procedimientos de Procesos de Apoyo<\/a><\/div>\n\n\n\n<div class=\"wp-block-button has-custom-width wp-block-button__width-75\"><a class=\"wp-block-button__link has-luminous-vivid-amber-background-color has-background has-text-align-left wp-element-button\" href=\"https:\/\/www.mtess.gov.py\/wp-content\/uploads\/2025\/11\/09.-Gestion-de-la-Informacion-Documentada-1.pdf\" style=\"border-width:2px;border-radius:50px;font-style:normal;font-weight:700\">09. Gesti\u00f3n de Informaci\u00f3n Documentada<\/a><\/div>\n\n\n\n<div class=\"wp-block-button has-custom-width wp-block-button__width-75\"><a class=\"wp-block-button__link has-luminous-vivid-amber-background-color has-background has-text-align-left wp-element-button\" href=\"https:\/\/www.mtess.gov.py\/wp-content\/uploads\/2025\/11\/10.-Politica-de-Comunicacion-Interna.pdf\" style=\"border-width:2px;border-radius:50px;font-style:normal;font-weight:700\">10. <strong>Pol\u00edtica de Comunicaci\u00f3n Interna<\/strong><\/a><\/div>\n\n\n\n<div class=\"wp-block-button has-custom-width wp-block-button__width-75\"><a class=\"wp-block-button__link has-luminous-vivid-amber-background-color has-background has-text-align-left wp-element-button\" href=\"https:\/\/www.mtess.gov.py\/wp-content\/uploads\/2025\/11\/11.-Politica-de-Comunicacion-Externa-y-Gestion-de-la-Informacion.pdf\" style=\"border-width:2px;border-radius:50px;font-style:normal;font-weight:700\">11. Pol\u00edtica de Comunicaci\u00f3n Externa y Gesti\u00f3n de la Informaci\u00f3n<\/a><\/div>\n\n\n\n<div class=\"wp-block-button has-custom-width wp-block-button__width-75\"><a class=\"wp-block-button__link has-luminous-vivid-amber-background-color has-background has-text-align-left wp-element-button\" href=\"https:\/\/www.mtess.gov.py\/wp-content\/uploads\/2025\/11\/12.-Politica-de-Rendicion-de-Cuentas-al-Ciudadano.pdf\" style=\"border-width:2px;border-radius:50px;font-style:normal;font-weight:700\">12. Politica de Rendici\u00f3n de Cuentas al Ciudadano<\/a><\/div>\n<\/div>\n\n\n\n<p><\/p>\n<\/div><\/div>\n\n\n\n<p><\/p>\n","protected":false},"excerpt":{"rendered":"","protected":false},"author":3,"featured_media":0,"parent":0,"menu_order":0,"comment_status":"closed","ping_status":"closed","template":"","meta":{"_acf_changed":false,"_uag_custom_page_level_css":"","footnotes":""},"class_list":["post-24915","page","type-page","status-publish","hentry"],"acf":[],"uagb_featured_image_src":{"full":false,"thumbnail":false,"medium":false,"medium_large":false,"large":false,"1536x1536":false,"2048x2048":false,"depicter-thumbnail":false},"uagb_author_info":{"display_name":"Santiago Barrios","author_link":"https:\/\/www.mtess.gov.py\/?author=3"},"uagb_comment_info":0,"uagb_excerpt":null,"_links":{"self":[{"href":"https:\/\/www.mtess.gov.py\/index.php?rest_route=\/wp\/v2\/pages\/24915","targetHints":{"allow":["GET"]}}],"collection":[{"href":"https:\/\/www.mtess.gov.py\/index.php?rest_route=\/wp\/v2\/pages"}],"about":[{"href":"https:\/\/www.mtess.gov.py\/index.php?rest_route=\/wp\/v2\/types\/page"}],"author":[{"embeddable":true,"href":"https:\/\/www.mtess.gov.py\/index.php?rest_route=\/wp\/v2\/users\/3"}],"replies":[{"embeddable":true,"href":"https:\/\/www.mtess.gov.py\/index.php?rest_route=%2Fwp%2Fv2%2Fcomments&post=24915"}],"version-history":[{"count":11,"href":"https:\/\/www.mtess.gov.py\/index.php?rest_route=\/wp\/v2\/pages\/24915\/revisions"}],"predecessor-version":[{"id":33269,"href":"https:\/\/www.mtess.gov.py\/index.php?rest_route=\/wp\/v2\/pages\/24915\/revisions\/33269"}],"wp:attachment":[{"href":"https:\/\/www.mtess.gov.py\/index.php?rest_route=%2Fwp%2Fv2%2Fmedia&parent=24915"}],"curies":[{"name":"wp","href":"https:\/\/api.w.org\/{rel}","templated":true}]}}